he prime factors of 2079.
3, 7, 11
List the prime factors of 266.
2, 7, 19
List the prime factors of 144.
2, 3
What are the prime factors of 8833?
11, 73
List the prime factors of 3171.
3, 7, 151
List the prime factors of 24748.
2, 23, 269
List the prime factors of 421.
421
List the prime factors of 511.
7, 73
List the prime factors of 51159.
3, 17053
What are the prime factors of 77?
7, 11
What are the prime factors of 181761?
3, 43, 1409
What are the prime factors of 29472?
2, 3, 307
What are the prime factors of 8943?
3, 11, 271
List the prime factors of 3175.
5, 127
What are the prime factors of 84909?
3, 11, 31, 83
List the prime factors of 27417.
3, 13, 19, 37
What are the prime factors of 153797?
7, 127, 173
List the prime factors of 38411.
71, 541
What are the prime factors of 1537?
29, 53
What are the prime factors of 107?
107
What are the prime factors of 42775?
5, 29, 59
List the prime factors of 126.
2, 3, 7
What are the prime factors of 109167?
3, 36389
What are the prime factors of 119982?
2, 3, 19997
What are the prime factors of 5895?
3, 5, 131
What are the prime factors of 1013?
1013
What are the prime factors of 1601?
1601
List the prime factors of 412.
2, 103
List the prime factors of 1627.
1627
What are the prime factors of 16802?
2, 31, 271
What are the prime factors of 1286?
2, 643
What are the prime factors of 1642?
2, 821
What are the prime factors of 3347?
3347
What are the prime factors of 4296?
2, 3, 179
List the prime factors of 11159.
11159
List the prime factors of 485.
5, 97
List the prime factors of 8997.
3, 2999
List the prime factors of 2188.
2, 547
List the prime factors of 10940.
2, 5, 547
What are the prime factors of 675?
3, 5
List the prime factors of 85335.
3, 5, 5689
What are the prime factors of 31562?
2, 43, 367
What are the prime factors of 70460?
2, 5, 13, 271
List the prime factors of 1367.
1367
What are the prime factors of 7860?
2, 3, 5, 131
List the prime factors of 6795.
3, 5, 151
List the prime factors of 3660.
2, 3, 5, 61
List the prime factors of 13247.
13, 1019
What are the prime factors of 21?
3, 7
What are the prime factors of 5359?
23, 233
List the prime factors of 1580.
2, 5, 79
List the prime factors of 1035.
3, 5, 23
List the prime factors of 33762.
2, 3, 17, 331
What are the prime factors of 1587?
3, 23
List the prime factors of 911.
911
List the prime factors of 13636.
2, 7, 487
List the prime factors of 27846.
2, 3, 7, 13, 17
What are the prime factors of 144?
2, 3
What are the prime factors of 62743?
62743
What are the prime factors of 35835?
3, 5, 2389
List the prime factors of 9928.
2, 17, 73
What are the prime factors of 6677?
11, 607
What are the prime factors of 1105?
5, 13, 17
What are the prime factors of 2986?
2, 1493
What are the prime factors of 35271?
3, 3919
What are the prime factors of 1785?
3, 5, 7, 17
What are the prime factors of 8296?
2, 17, 61
What are the prime factors of 52622?
2, 83, 317
What are the prime factors of 3404?
2, 23, 37
What are the prime factors of 5594?
2, 2797
List the prime factors of 70710.
2, 3, 5, 2357
What are the prime factors of 1233?
3, 137
What are the prime factors of 73960?
2, 5, 43
List the prime factors of 1735.
5, 347
List the prime factors of 833.
7, 17
List the prime factors of 11789.
11789
What are the prime factors of 20795?
5, 4159
What are the prime factors of 897?
3, 13, 23
What are the prime factors of 853?
853
List the prime factors of 38854.
2, 19427
What are the prime factors of 6199?
6199
List the prime factors of 13329.
3, 1481
List the prime factors of 3232.
2, 101
What are the prime factors of 5577?
3, 11, 13
What are the prime factors of 9600?
2, 3, 5
What are the prime factors of 658?
2, 7, 47
List the prime factors of 43771.
7, 13, 37
What are the prime factors of 1651?
13, 127
List the prime factors of 256.
2
List the prime factors of 142248.
2, 3, 5927
List the prime factors of 288.
2, 3
List the prime factors of 37170.
2, 3, 5, 7, 59
List the prime factors of 2554.
2, 1277
List the prime factors of 15072.
2, 3, 157
List the prime factors of 9758.
2, 7, 17, 41
What are the prime factors of 15653?
11, 1423
List the prime factors of 38343.
3, 12781
What are the prime factors of 85053?
3, 28351
List the prime factors of 67375.
5, 7, 11
List the prime factors of 1158.
2, 3, 193
What are the prime factors of 35201?
35201
What are the prime factors of 2342?
2, 1171
What are the prime factors of 723?
3, 241
List the prime factors of 43591.
43591
What are the prime factors of 8589?
3, 7, 409
What are the prime factors of 959?
7, 137
List the prime factors of 1000.
2, 5
What are the prime factors of 5309?
5309
List the prime factors of 13306.
2, 6653
List the prime factors of 874.
2, 19, 23
What are the prime factors of 36485?
5, 7297
List the prime factors of 5159.
7, 11, 67
What are the prime factors of 11367?
3, 421
List the prime factors of 49887.
3, 23, 241
What are the prime factors of 306?
2, 3, 17
List the prime factors of 17250.
2, 3, 5, 23
List the prime factors of 67164.
2, 3, 29, 193
What are the prime factors of 3950?
2, 5, 79
List the prime factors of 15339.
3, 5113
What are the prime factors of 52521?
3, 7, 41, 61
What are the prime factors of 136?
2, 17
What are the prime factors of 2139?
3, 23, 31
What are the prime factors of 19471?
19471
What are the prime factors of 976?
2, 61
List the prime factors of 8344.
2, 7, 149
List the prime factors of 2762.
2, 1381
What are the prime factors of 1715?
5, 7
What are the prime factors of 36364?
2, 9091
List the prime factors of 62114.
2, 13, 2389
What are the prime factors of 2697?
3, 29, 31
What are the prime factors of 1556?
2, 389
What are the prime factors of 74054?
2, 61, 607
What are the prime factors of 960?
2, 3, 5
List the prime factors of 9583.
7, 37
List the prime factors of 5334.
2, 3, 7, 127
What are the prime factors of 50704?
2, 3169
List the prime factors of 558.
2, 3, 31
List the prime factors of 17435.
5, 11, 317
List the prime factors of 2107.
7, 43
List the prime factors of 27857.
89, 313
List the prime factors of 15540.
2, 3, 5, 7, 37
List the prime factors of 29019.
3, 17, 569
List the prime factors of 1959.
3, 653
List the prime factors of 9010.
2, 5, 17, 53
List the prime factors of 1134.
2, 3, 7
List the prime factors of 3610.
2, 5, 19
What are the prime factors of 707?
7, 101
What are the prime factors of 108770?
2, 5, 73, 149
List the prime factors of 11657.
11657
What are the prime factors of 25478?
2, 12739
What are the prime factors of 39743?
11, 3613
List the prime factors of 12554.
2, 6277
What are the prime factors of 26547?
3, 8849
List the prime factors of 3411.
3, 379
List the prime factors of 10976.
2, 7
List the prime factors of 44111.
44111
What are the prime factors of 64059?
3, 131, 163
List the prime factors of 1833.
3, 13, 47
What are the prime factors of 5242?
2, 2621
What are the prime factors of 1264?
2, 79
What are the prime factors of 2865?
3, 5, 191
What are the prime factors of 2470?
2, 5, 13, 19
What are the prime factors of 38840?
2, 5, 971
List the prime factors of 641.
641
List the prime factors of 3439.
19, 181
List the prime factors of 25954.
2, 19, 683
What are the prime factors of 2673?
3, 11
What are the prime factors of 3536?
2, 13, 17
List the prime factors of 46218.
2, 3, 7703
What are the prime factors of 2283?
3, 761
What are the prime factors of 3510?
2, 3, 5, 13
List the prime factors of 15544.
2, 29, 67
What are the prime factors of 307?
307
What are the prime factors of 18739?
7, 2677
List the prime factors of 59423.
7, 13, 653
What are the prime factors of 3274?
2, 1637
What are the prime factors of 13976?
2, 1747
List the prime factors of 49487.
17, 41, 71
What are the prime factors of 340?
2, 5, 17
List the prime factors of 89729.
53, 1693
What are the prime factors of 23497?
23497
What are the prime factors of 34993?
7, 4999
List the prime factors of 3967.
3967
What are the prime factors of 4675?
5, 11, 17
List the prime factors of 75433.
241, 313
List the prime factors of 8313.
3, 17, 163
What are the prime factors of 1907?
1907
List the prime factors of 18389.
7, 37, 71
List the prime factors of 4649.
4649
What are the prime factors of 53961?
3, 17987
List the prime factors of 53170